{"id":27,"date":"2014-08-19T15:04:46","date_gmt":"2014-08-19T13:04:46","guid":{"rendered":"http:\/\/arnowilhelm.wordpress.com\/?page_id=27"},"modified":"2018-04-23T08:17:10","modified_gmt":"2018-04-23T08:17:10","slug":"kontakt-2","status":"publish","type":"page","link":"https:\/\/www.arno-wilhelm.de\/?page_id=27","title":{"rendered":"Kontakt"},"content":{"rendered":"<p>&nbsp;<\/p>\n<p><strong>Schreiben, Followen, Abonnieren<\/strong><\/p>\n<p>Ich freue mich immer \u00fcber Auftrittsanfragen und \u00e4hnliches.<\/p>\n<p>F\u00fcr Booking und alles in der Richtung schreibt mir einfach,<br \/>\nich antworte in der Regel schnell.<\/p>\n<p><strong>E-Mail:<\/strong> mail@arno-wilhelm.de<\/p>\n<p><strong>Twitter<\/strong>:\u00a0<a href=\"http:\/\/twitter.com\/larrydevito\" target=\"_blank\" rel=\"noopener\">http:\/\/twitter.com\/larrydevito<\/a><\/p>\n<p><strong>Instagram:<\/strong> <a href=\"https:\/\/www.instagram.com\/larrydevito\/\" target=\"_blank\" rel=\"noopener\">https:\/\/www.instagram.com\/larrydevito\/<\/a><\/p>\n","protected":false},"excerpt":{"rendered":"<p>&nbsp; Schreiben, Followen, Abonnieren Ich freue mich immer \u00fcber Auftrittsanfragen und \u00e4hnliches. F\u00fcr Booking und alles in der Richtung schreibt mir einfach, ich antworte in der Regel schnell. E-Mail: mail@arno-wilhelm.de Twitter:\u00a0http:\/\/twitter.com\/larrydevito Instagram: https:\/\/www.instagram.com\/larrydevito\/<\/p>\n","protected":false},"author":1,"featured_media":0,"parent":0,"menu_order":0,"comment_status":"open","ping_status":"open","template":"","meta":{"footnotes":""},"class_list":["post-27","page","type-page","status-publish","hentry"],"_links":{"self":[{"href":"https:\/\/www.arno-wilhelm.de\/index.php?rest_route=\/wp\/v2\/pages\/27","targetHints":{"allow":["GET"]}}],"collection":[{"href":"https:\/\/www.arno-wilhelm.de\/index.php?rest_route=\/wp\/v2\/pages"}],"about":[{"href":"https:\/\/www.arno-wilhelm.de\/index.php?rest_route=\/wp\/v2\/types\/page"}],"author":[{"embeddable":true,"href":"https:\/\/www.arno-wilhelm.de\/index.php?rest_route=\/wp\/v2\/users\/1"}],"replies":[{"embeddable":true,"href":"https:\/\/www.arno-wilhelm.de\/index.php?rest_route=%2Fwp%2Fv2%2Fcomments&post=27"}],"version-history":[{"count":3,"href":"https:\/\/www.arno-wilhelm.de\/index.php?rest_route=\/wp\/v2\/pages\/27\/revisions"}],"predecessor-version":[{"id":800,"href":"https:\/\/www.arno-wilhelm.de\/index.php?rest_route=\/wp\/v2\/pages\/27\/revisions\/800"}],"wp:attachment":[{"href":"https:\/\/www.arno-wilhelm.de\/index.php?rest_route=%2Fwp%2Fv2%2Fmedia&parent=27"}],"curies":[{"name":"wp","href":"https:\/\/api.w.org\/{rel}","templated":true}]}}